8?
7
What is the value of -2 + -28 - (-14 + 6)?
-22
Evaluate -44 + 12 + 15 + -1.
-18
What is (-29 - -23 - 9) + 34?
19
What is -3 - -4 - -6 - (28 - 19)?
-2
Calculate (-19 - (0 - 9)) + 29.
19
What is 13 + (-11 - 6) + (-3 - -8)?
1
What is (-46 - (-12 - -1)) + (50 - 36)?
-21
9 + 6 + -16 + 1 - 19
-19
6 + (14 - 22) + -12
-14
What is the value of (-9 - -19) + (13 - 23)?
0
What is 1 - (26 + -8 + -16) - (1 + 16)?
-18
What is the value of 82 + -53 - 30 - (0 + -6)?
5
Calculate -18 + (-16 - -13) + -6.
-27
What is (-45 - (-69 - -20)) + -1 + -20?
-17
What is -4 - -2 - (5 - 0 - (-8 - -33))?
18
4 + 6 + -5 + -3 + 0 + 2
4
Calculate -8 + (2 - (-3 - 0)) + 1.
-2
Calculate -12 + 1 + (-1 - 10) + -71 + 77.
-16
(-23 - (-19 + 8)) + -1 + 0 + -2
-15
7 + -4 + -3 + (6 - 2) + 7
11
Evaluate 1 - -4 - (-11 + 1) - 9.
6
Evaluate 2 + (3 - 12) + (-1 + -6 - -13).
-1
Calculate 9 - (3 + 1) - 3 - 1 - -1.
2
2 + -7 + -9 - (-1 - -2)
-15
-1 - (4 + 1 + 4 + -5 + 1)
-6
Evaluate 12 - ((11 - 31) + 17).
15
What is 2 + -8 - (20 - 21 - 12)?
7
Evaluate 11 - (28 + 6 + -17).
-6
-7 + (9 - (4 + (-7 - -9)))
-4
Evaluate -8 - 13 - -5 - (-27 - -16).
-5
Calculate -936 + 889 + (2 - -27).
-18
What is 17 + -8 - (3 + 6 + -5 + -7)?
12
Calculate (-18 - 2) + 19 - -1.
0
Calculate -15 + -2 - -29 - -5.
17
Calculate (195 - 184) + (1 - -2) + 14.
28
Evaluate 20 + (-7 - (12 + (-6 - 4))).
11
Evaluate 1082 - 1090 - (-10 + -1).
3
What is the value of (-76 - -6 - -26) + 21?
-23
8 - (-7 + ((1 - 18) + 4 - -10))
18
-17 - 0 - (-526 - -490)
19
What is (1 - 0 - (-9 - -10)) + 0 + 11?
11
Evaluate 23 + 38 + -51 - (9 - 1).
2
Evaluate -63 + 73 - (-1 + 1).
10
What is the value of 0 - (-2 - (-15 - 1))?
-14
What is 7 + (-2 - -14 - (56 + -45))?
8
What is the value of -22 - ((9 - 10) + -1 + (4 - -3))?
-27
(-2 - -1 - 4) + 7 - 3 - 7
-8
-10 + ((18 - 2) + -1 - (8 - 1))
-2
Calculate 9 + -34 + 5 + 9 + 4.
-7
What is the value of (0 - 11) + 20 - (0 + 43)?
-34
16 + 5 + (-6 - -13) + -21
7
-10 - (1 - (6 + -1 + -4))
-10
Calculate 0 + (-6 - -4) + 5 + -18.
-15
Calculate ((4 - 8) + 0 - -6) + 6.
8
What is -765 + 713 + (33 - -2)?
-17
4 + 6 + -6 + -4 + -6 - -4
-2
23 + -138 + 125 + 12 + -1 + -3
18
(14 - -2) + (6 - 1) + -9
12
-20 + 3 + (-20 - -32)
-5
-4 - (-11 + 17 - (1 + 9))
0
(-2 - -2) + 1 + -678 + 654
-23
(-19 - 0 - (31 - 28)) + (31 - 28)
-19
-4 + (-11 + 20 - 9)
-4
Calculate (-5 - -2 - -5 - -4) + (-68 - -59).
-3
1 + -5 - (-20 - 4 - -18)
2
What is the value of 19 + -1 - (-17 - -27)?
8
Evaluate -7 + -2 + 4 + 10 + -9 + 3.
-1
What is -7 + 5 + 10 + -1?
7
2 + 3 + (-2 - 1) + -2 - 11
-11
What is the value of (-4 - 7) + (3 - -22) - 3?
11
What is -6 + (5 - (4 + -3 - 7))?
5
Calculate -33 + (-2 - -6) + (2 - 1) + 4.
-24
Calculate 8 + 2 + (1 - 3) + (-2 - -16).
22
What is -3 + (5 + -3 - 3) - (-35 + 34)?
-3
Evaluate (-7 - (33 + -14)) + 47.
21
What is the value of 12 + -23 - -6 - (1 + 2)?
-8
What is the value of 11 + -15 + 17 + -17?
-4
What is the value of 7 + (-9 + 13 - -2 - 8)?
5
Calculate 1 + (23 - 29) - (-11 + 0 + 1).
5
What is -28 + 28 + -19 - -3?
-16
What is the value of 57 - 34 - (-2 - -4 - 2)?
23
Calculate 23 - (-20 - -33 - 18).
28
What is 6 + (-12 - (-15 + 11)) - -16?
14
9 - 2 - (451 + -461)
17
(0 - 5) + 22 - (9 - -1)
7
135 - 141 - (-2 - -1)
-5
Calculate -7 + 0 + (-94 - -90).
-11
What is the value of 7 + 7 + -24 + 13?
3
(-7 - (-6 + 5)) + (21 - 6)
9
Evaluate -5 + 11 - (7 + -14).
13
Calculate (-3 - 21) + 28 + -20 + -22.
-38
What is the value of -22 - (-9 - 8) - 9?
-14
4 + -3 - -6 - (10 + (-7 - -1))
3
Calculate (80 - 59) + (-1 - 7).
13
What is -6 + (12 - 2 - 6)?
-2
What is the value of 3 - 9 - (7 - (-6 + 2))?
-17
What is the value of (2 - (-4 - (2 - 16))) + 72 + -76?
-12
What is the value of -12 + (-11 - (23 + -32))?
-14
What is the value of (-2 - (-4 + 3 - 5)) + -12?
-8
(-9 - (-5 - 36)) + -4 + 3 + 3
34
What is -115 + 116 - ((0 - 1) + 0 + -2)?
4
Calculate 4 - (-22 - (-1 + 7 - 4 - 5)).
23
-47 + 41 + (-3 - (-30 - -4 - -3))
14
Evaluate 20 - (-10 - -11) - 6.
13
Calculate -12 - (-39 + 33 + 2 + 7).
-15
Calculate (12 - -3) + 22 + -33 - 7.
-3
Calculate 3 + -9 + 7 - 6 - -21.
16
Evaluate 41 - (19 + -18 + 0 - (-1 - 7)).
32
What is the value of (-2 - 1) + 0 - (0 + -3) - 8?
-8
What is the value of 5 + -1 + 1 + 2 - (187 - 157)?
-23
What is the value of 0 + 50 + -46 + (1 - 5) + 0?
0
What is 26 + -16 + -23 + (5 - 1)?
-9
What is -2 + (2 + -3 - -9) - (20 - 10)?
-4
What is the value of 15 - ((3 - (12 - 7)) + 2 + 0)?
15
What is -3 + 5 + (3 + -23 - -11) + 0?
-7
What is the value of (-2 - ((8 - 5) + -5 + -9)) + -37?
-28
What is the value of (15 - (2 + (-10 - 2))) + (10 - 9)?
26
What is (-1 - 3 - (521 - 536)) + -11?
0
What is the value of -8 + (33 - (3 - -13))?
9
What is the value of 12 + (2 - (3 - (1 + -6))) + 5?
11
Evaluate -9 + -5 + 0 + 5 + -15 + 14.
-10
What is -27 - ((-18 - -32) + -32)?
-9
Calculate (-13 - (-5 + (10 - 2) + -3)) + -6.
-19
Evaluate (-10 - -8) + 1 + -5.
-6
Calculate (4 - (8 - 3)) + -9 + (3 - 3).
-10
What is the value of (1 - (4 - 3)) + 0 + 0 - 11?
-11
Evaluate -422 - -440 - (-1 + 5 + 2 + 1).
11
What is the value of -16 + 25 + (-16 - -5) + -1 + -1?
-4
5 - (1 + -3) - (-8 + 24)
-9
22 - 41 - (-59 - -11)
29
Evaluate 1 + -9 - -21 - (-1 + 5 + 1).
8
Evaluate (0 - 0) + 3 - (12 + -4) - -11.
6
What is 0 - -1 - (16 - 20) - (-13 + 15)?
3
What is -50 + 62 + (-4 - (5 - -15))?
-12
Evaluate 17 + -12 + (4 - -12 - (11 - 3)).
13
Evaluate -7 - (20 - (-12 + 28)).
-11
Calculate -161 - -154 - (-1 + -1 - 5) - -10.
10
Evaluate -2 - (-18 - (-10 - -1)) - 17.
-10
Evaluate -7 - (5 - (23 + (6 - 4)) - 6).
19
What is -3 - 17 - (12 - 11 - 5)?
-16
Calculate -3 + -4 + (-1 - 1) - -16.
7
(1 - 2) + -3 + (-5 - -27 - 4)
14
What is the value of -12 + (15 - (12 + -9) - (4 + 6))?
-10
Evaluate -6 + (-7 - 0) - -13 - (-13 + 0).
13
-16 + (4 - (20 + -33))
1
-8 + (4 - 5) + (7 - 3)
-5
What is the value of 4 - 5 - (-9 - -16 - 3)?
-5
1 + 10 + (-5 - (1 - -2) - -11)
14
Evaluate 22 + -11 + -13 - -10.
8
What is -13 + 8 + (-8 - (-23 - -1))?
9
What is the value of 8 - (-6 + 1 + 23 + -1)?
-9
Calculate -30 + 15 + (-9 - -14) + 8.
-2
What is the value of (16 + 12 - 23) + 17?
22
What is the value of 2 - ((-6 + 1 - 3) + (-8 - -12))?
6
Evaluate 0 + 5 - 3 - (3 + -6) - -6.
11
Evaluate (66 - 83) + 7 + -3.
-13
-24 + 33 + 16 + -43
-18
1 + (-7 + -10 - -6) + 6 + 0
-4
Calculate (0 - 0) + -1 + 19 + -27.
-9
What is -12 - -13 - (1 + 6) - -8?
2
Evaluate 1 + (-9 - (2 - 4)) - (-196 + 196).
-6
Evaluate 1 + -24 + (-29 - (35 - 62)) + 6.
-19
What is the value of 48 + -26 - (-10 + 19)?
13
What is the value of -4 + 32 - 4 - (-90 + 84)?
30
Evaluate 12 + -21 + -3 - (-32 + -1).
21
1 + -166 + 169 + -7 + -1
-4
Evaluate (6 - (19 - 12)) + (0 - (-1 + 2)).
-2
What is (25 - 20) + 3 - -3?
11
What is (-20 - (-12 + 20)) + 13 + -3?
-18
What is -1 - -6 - (-10 - -27)?
-12
-17 + 4 + (76 - 54)
9
Evaluate -1 + 6 + -13 + 1 - 3.
-10
Evaluate 10 - (-21 - -12 - (1 + -8)).
12
7 - (-13 - -27) - (-1 - 3 - 6)
3
What is the value of (2 - -2) + -7 + 11?
8
Evaluate 217 + -245 - (1 - (1 - -12)).
-16
Calculate 0 + -9 + 3 + -1 + 22.
15
Calculate -4 + 12 + 8 - (25 - 40).
31
What is -6 - (-9 + (-8 - (8 + -17)))?
2
-36 + 24 + -16 + 2
-26
Evaluate 3 + (-6 - (-48 + (5 + 0 - -4))).
36
What is the value of 13 - (1 - (2 - 1)) - (4827 + -4823)?
9
Calculate 222 + -224 - (2 - 4 - 6).
6
What is the value of -10 - (5 + -8 - ((6 - 0) + -4))?
-5
Evaluate 1428 + -1446 - (-1 + -8).
-9
Calculate 15 + -32 + (28 - 1).
10
Evaluate 2 + (7 - 12 - -7).
4
11 + (0 - (-2 - -10)) + -3
0
-10 + (-6 - -6) + 15
5
(-79 - -45) + (-1 - -64)
29
43 + -37 + (11 + 2 - (1 - 0))
18
What is -18 - ((-11 - -6) + -10)?
-3
0 - ((3 - (0 + 1)) + 2 + -4)
0
(-24 - (-4 + 3 + 3)) + 2
-24
-33 + (1 - -14) - -25
7
Calculate -12 - (31 + -10 + -17).
-16
1 - 0 - (16 - (0 - -7))
-8
What is the value of 180 + -180 + (-1 - 10) - -32?
21
Calculate -3 - (0 - (0 + 6) - -11) - -30.
22
Evaluate 20 + (16 - 18) - 15.
3
What is -9 + 12 + -4 + 3 + 6?
8
Calculate (5 - 8) + 3 + 8 + (2 - 26).
-16
Evaluate 5 + -11 + 2 + 7 + -3 + 1.
1
Evaluate (3 - (2 - -3) - -10) + 641 + -645.
4
Evaluate -1 + -26 + -1205 + 1262.
30
What is (-1 - (-4 - -3)) + -1 - (16 + -31)?
14
Calculate 48 + -54 - (-1 + -7) - 15.
-13
(-12 - 0) + 5 + 7
0
What is the value of -16 + 12 + -22 + 16?
-10
Evaluate -27 + 7 + (-25 - -31).
-14
What is the value of -4 + (11 - (-2 + -2 + (13 - 9)))?